31?
False
Does 8 divide 165426?
False
Is 154 a factor of 11997832?
True
Is 3 a factor of 509726?
False
Is 1012 a factor of 1109152?
True
Does 7 divide 55699?
True
Is 275948 a multiple of 23?
False
Is 75 a factor of 1167300?
True
Is 13 a factor of 524862?
True
Does 4 divide 247324?
True
Is 740 a factor of 3820559?
False
Is 15 a factor of 33937?
False
Does 7 divide 420728?
True
Is 239040 a multiple of 192?
True
Does 181 divide 5068543?
True
Does 28 divide 75840?
False
Does 317 divide 10478?
False
Is 76090 a multiple of 1087?
True
Is 9 a factor of 327960?
True
Is 20 a factor of 83429?
False
Is 2081164 a multiple of 682?
False
Does 1057 divide 237834?
False
Is 214704 a multiple of 21?
True
Does 136 divide 4398072?
False
Does 24 divide 6384552?
True
Does 12 divide 53162?
False
Is 2 a factor of 106596?
True
Does 21 divide 8455839?
True
Is 11 a factor of 1589798?
False
Does 133 divide 108395?
True
Is 30 a factor of 1504796?
False
Does 17 divide 7184?
False
Does 155 divide 1040284?
False
Does 101 divide 19173133?
True
Does 11 divide 1608807?
False
Is 274 a factor of 40004?
True
Is 959438 a multiple of 17?
False
Is 62169 a multiple of 159?
True
Does 23 divide 336513?
True
Does 394 divide 374694?
True
Is 7 a factor of 54660?
False
Is 680846 a multiple of 437?
True
Does 96 divide 12005184?
True
Does 47 divide 104904?
True
Is 12 a factor of 4421861?
False
Does 5 divide 191270?
True
Does 60 divide 179160?
True
Is 32 a factor of 70054?
False
Is 41 a factor of 5159004?
False
Is 25666 a multiple of 4?
False
Is 46 a factor of 43010?
True
Does 86 divide 93826?
True
Is 327 a factor of 164154?
True
Does 73 divide 262056?
False
Does 27 divide 104085?
True
Is 85 a factor of 2475900?
False
Is 1563996 a multiple of 12?
True
Is 31 a factor of 151568?
False
Is 788 a factor of 3222920?
True
Is 135 a factor of 389880?
True
Does 77 divide 28434?
False
Is 132655 a multiple of 103?
False
Does 185 divide 189578?
False
Is 63112 a multiple of 7?
True
Does 45 divide 213165?
True
Is 32 a factor of 299104?
True
Is 50 a factor of 2342916?
False
Is 3287667 a multiple of 119?
False
Is 127 a factor of 4826?
True
Does 11 divide 3610467?
False
Is 617730 a multiple of 10?
True
Is 143007 a multiple of 2?
False
Is 5 a factor of 21045?
True
Is 368122 a multiple of 206?
True
Is 2894826 a multiple of 62?
False
Is 3 a factor of 173681?
False
Does 72 divide 1496160?
True
Is 1077 a factor of 902526?
True
Is 58 a factor of 156228?
False
Does 311 divide 386035?
False
Does 58 divide 40716?
True
Does 5 divide 354386?
False
Is 1113504 a multiple of 42?
True
Is 20 a factor of 985060?
True
Is 4091796 a multiple of 692?
True
Does 57 divide 70281?
True
Does 4 divide 120938?
False
Is 71 a factor of 5990840?
False
Does 441 divide 548604?
True
Is 7 a factor of 49182?
True
Does 10 divide 157390?
True
Does 12 divide 780011?
False
Is 4572766 a multiple of 3?
False
Does 119 divide 968064?
False
Is 957249 a multiple of 73?
True
Does 55 divide 1349821?
False
Is 399 a factor of 1625127?
True
Is 130 a factor of 980720?
True
Is 560 a factor of 801360?
True
Is 113102 a multiple of 583?
True
Does 118 divide 396834?
True
Is 3268835 a multiple of 173?
True
Is 36 a factor of 311362?
False
Is 47722 a multiple of 69?
False
Is 435888 a multiple of 27?
True
Does 9 divide 35118?
True
Is 26 a factor of 144586?
True
Does 266 divide 94164?
True
Is 145456 a multiple of 16?
True
Is 624 a factor of 2609103?
False
Is 163 a factor of 2105471?
True
Does 537 divide 227151?
True
Is 993660 a multiple of 10?
True
Is 11 a factor of 538419?
False
Does 13 divide 640978?
True
Is 216 a factor of 99144?
True
Does 259 divide 593628?
True
Is 9382116 a multiple of 22?
False
Is 7291 a multiple of 44?
False
Does 7 divide 206429?
False
Is 222768 a multiple of 39?
True
Is 131 a factor of 533039?
True
Is 6198860 a multiple of 10?
True
Is 120005 a multiple of 2?
False
Does 143 divide 373659?
True
Does 19 divide 670548?
True
Does 448 divide 8993254?
False
Does 403 divide 9428185?
True
Does 145 divide 949044?
False
Is 3076472 a multiple of 401?
True
Does 38 divide 91944?
False
Is 9342442 a multiple of 4?
False
Is 510 a factor of 169320?
True
Is 167 a factor of 238643?
True
Does 33 divide 927843?
False
Is 43 a factor of 700231?
False
Is 703136 a multiple of 224?
True
Is 549330 a multiple of 77?
False
Does 353 divide 1033584?
True
Is 214956 a multiple of 12?
True
Is 509 a factor of 163768?
False
Is 210700 a multiple of 25?
True
Does 20 divide 1572000?
True
Is 6909026 a multiple of 45?
False
Is 4738776 a multiple of 56?
True
Does 11 divide 11289217?
False
Is 13 a factor of 68783?
True
Is 73337 a multiple of 22?
False
Does 10 divide 30810?
True
Is 1454325 a multiple of 75?
True
Is 257 a factor of 492155?
True
Is 56 a factor of 113139?
False
Is 450 a factor of 777600?
True
Does 4 divide 144452?
True
Does 65 divide 106056?
False
Is 24 a factor of 7584?
True
Is 17 a factor of 1904?
True
Is 327625 a multiple of 61?
False
Does 5 divide 96815?
True
Is 6 a factor of 10351584?
True
Is 19744121 a multiple of 30?
False
Does 51 divide 1729053?
True
Does 8 divide 16502182?
False
Does 11 divide 505450?
True
Is 88290 a multiple of 405?
True
Does 138 divide 1519656?
True
Is 393620 a multiple of 5?
True
Is 121 a factor of 500088?
False
Does 2 divide 72962?
True
Does 284 divide 1809868?
False
Is 4928305 a multiple of 700?
False
Is 500 a factor of 1381499?
False
Is 22 a factor of 56848?
True
Is 104 a factor of 2290080?
True
Does 26 divide 52780?
True
Is 3 a factor of 25018?
False
Is 32 a factor of 2234?
False
Is 10 a factor of 623240?
True
Is 539343 a multiple of 7?
True
Does 327 divide 2037537?
True
Is 152 a factor of 2859412?
False
Does 12 divide 38348?
False
Is 17403408 a multiple of 33?
True
Is 25 a factor of 3049650?
True
Is 21 a factor of 6409171?
False
Is 8 a factor of 3059894?
False
Is 19432700 a multiple of 1700?
True
Is 3 a factor of 53109?
True
Does 175 divide 1353275?
True
Is 1249430 a multiple of 35?
True
Does 118 divide 4653843?
False
Is 478 a factor of 5915571?
False
Is 5840 a multiple of 40?
True
Does 783 divide 8798571?
True
Is 22 a factor of 14009962?
False
Is 948507 a multiple of 93?
True
Is 500 a factor of 1482721?
False
Is 462678 a multiple of 13?
False
Does 251 divide 4092039?
False
Is 670807 a multiple of 8?
False
Does 9 divide 5820952?
False
Does 172 divide 7334590?
False
Is 28 a factor of 274736?
True
Is 882846 a multiple of 54?
True
Is 79838 a multiple of 38?
True
Does 223 divide 4301346?
False
Is 246 a factor of 99510?
False
Is 2359224 a multiple of 14?
True
Is 200 a factor of 123885?
False
Is 9727 a multiple of 27?
False
Is 3889456 a multiple of 9?
False
Is 5086332 a multiple of 102?
True
Is 897 a factor of 698763?
True
Is 13 a factor of 2271646?
True
Is 4235649 a multiple of 111?
True
Is 2784777 a multiple of 48?
False
Is 1150307 a multiple of 20?
False
Is 507047 a multiple of 149?
True
Is 465 a factor of 113460?
True
Is 3542 a multiple of 154?
True
Is 3026597 a multiple of 56?
False
Is 366 a factor of 532164?
True
Is 3653586 a multiple of 38?
True
Is 97 a factor of 4994232?
False
Is 8772 a multiple of 2?
True
Is 821879 a multiple of 6?
False
Is 252 a factor of 870912?
True
Is 7682768 a multiple of 16?
True
Is 53 a factor of 62550?
False
Does 125 divide 22753?
False
Is 6046221 a multiple of 411?
True
Does 42 divide 98196?
True
Is 43 a factor of 53449?
True
Is 8 a factor of 83040?
True
Does 57 divide 296457?
True
Does 71 divide 9047459?
True
Is 145 a factor of 168877?
False
Does 166 divide 224100?
True
Is 15753232 a multiple of 242?
True
Is 241 a factor of 589968?
True
Is 522646 a multiple of 8?
False
Is 2174 a factor of 18185701?
False
Is 1490939 a multiple of 43?
True
Does 166 divide 103571?
False
Does 19 divide 60718?
False
Does 624 divide 3735035?
False
Is 7 a factor of 452039?
True
Is 4892405 a multiple of 29?
False
Is 2619 a multiple of 14?
False
Does 15 divide 1215330?
True
Is 140497 a multiple of 14?
False
Is 2486986 a multiple of 571?
False
Does 24 divide 70224?
True
Is 412519 a multiple of 67?
True
Is 183546 a multiple of 99?
True
Is 16020 a multiple of 10?
True
Does 81 divide 318249?
True
Is 16 a factor of 132183?
False
Does 4 divide 4747392?
True
Is 1132560 a multiple of 360?
True
Is 1431 a factor of 11363641?
False
Does 165 divide